247. What is the greatest common factor of 38 and u?
19
Suppose -3*f + 2*h = -41, 3*f = -f - 3*h + 32. Calculate the greatest common factor of 121 and f.
11
Let a be (-228)/8 + 3/6. Let d = 70 - a. Calculate the greatest common factor of d and 147.
49
Let p(q) be the third derivative of 11*q**5/30 + q**4/8 - 7*q**3/6 - 15*q**2. Let t be p(3). What is the highest common divisor of 25 and t?
25
Suppose -2*w - 3*n + 9 = -0*n, -w = n - 6. Suppose 8*b - 2*i + 7 = w*b, 5*b - 44 = -i. Calculate the greatest common factor of 18 and b.
9
Suppose 0 = 4*x - 2*x. Suppose 2*t = -x + 2. Let d be 24/15*(t - -29). Calculate the greatest common factor of 12 and d.
12
Let b(p) = 2*p - 2 + 2 + 0 - 8. Let a be b(6). Suppose -2*o + 34 = -3*k - 2*k, -2*o + 16 = 4*k. What is the highest common divisor of o and a?
4
Suppose -31*d + 8365 = -4252. Calculate the greatest common factor of 11 and d.
11
Let w be -4 + -2 + (-50)/(-5). Calculate the highest common factor of 28 and w.
4
Let a be ((-3)/(-9))/(3/63). Suppose 2*m - 1 = -h, -a + 2 = m. Let f = -46 + 90. What is the greatest common divisor of f and h?
11
Let t(c) = 4*c - 5. Let b be t(2). Let m(a) = -2*a**3 + 2 + 5*a**2 - a**3 + 2*a**b - a. Let i be m(4). Calculate the highest common factor of 28 and i.
14
Let o(z) = -22*z - 142. Let y be o(-7). Let f(r) = 0*r**3 + 0 + 2*r - 2*r**2 - r**3 + 1. Let k be f(-3). Calculate the highest common factor of k and y.
4
Let y = 642 + 199. What is the highest common divisor of y and 87?
29
Suppose -18*j = -15*j - 720. Let h be 356/12 - 1/(-3). What is the greatest common divisor of h and j?
30
Let f = 338 + -296. Calculate the highest common factor of f and 28.
14
Let p(v) = 3*v**2 + 3 - 15*v + 17*v - 4*v**2. Let c be p(3). Let t be (-1 - c/(-3)) + 9. What is the greatest common divisor of 2 and t?
2
Let x be (0 + -2)*15/(-6). Let q(n) = -3*n + 5. Let v be q(0). What is the highest common factor of x and v?
5
Let b(x) = x**2 + 90*x - 178. Let i be b(2). Let p = -7 - -10. What is the highest common divisor of p and i?
3
Suppose 0*t + t + 17 = -o, o - 3 = 0. Let g(r) = -2*r**3 - 40*r**2 - 4*r + 19. Let j be g(t). Calculate the highest common factor of j and 11.
11
Let h = -192 + 246. What is the greatest common divisor of h and 189?
27
Let p = 52 - 22. Let v be (-3 + -1)*(-46)/4. Let m = v - 31. Calculate the highest common factor of p and m.
15
Let w be 101/4 - 2/8. What is the greatest common factor of w and 10?
5
Suppose -17*t - 1568 = -3*t. Let p = -107 - t. Calculate the highest common factor of 3 and p.
1
Let p(m) = -m**3 + 9*m**2 + 20. Let v be p(9). Let w = 11 + 29. What is the greatest common factor of w and v?
20
Let n = 5 + -3. Suppose -y + 266 = -6*y - p, 0 = -y + 4*p - 70. Let t = y - -72. What is the highest common divisor of n and t?
2
Suppose 107*s = 113*s - 12. What is the highest common divisor of 18 and s?
2
Suppose 6*n + 0*n - 18 = 0. Let o = n + 1. Suppose 42 = o*c + 2*c. What is the greatest common factor of 28 and c?
7
Suppose -t = -24 + 6. Let k = 223 + t. Suppose -6*x = -389 - k. Calculate the greatest common factor of x and 15.
15
Let x = 34 + -29. Suppose -x*p - 8*p = -455. Let f = 0 + 5. What is the highest common divisor of f and p?
5
Suppose 308 = 4*j + 28. Let i = 3 + -9. Let n = i - -16. Calculate the highest common divisor of n and j.
10
Suppose -199 + 271 = 3*p. Calculate the highest common factor of p and 276.
12
Let c be (-9)/6 + 54/4. Let q be (-3)/(-7) - 126/(-49). Let s = c - q. Calculate the greatest common factor of 9 and s.
9
Suppose 0 = 2*n + 5*m - 10, 0 = -5*n + m - 2*m + 48. Suppose 5*t = n*t + 45. Let u = t - -20. Calculate the highest common factor of u and 33.
11
Let d(i) = i**3 + 5*i**2 - i. Let t be d(-5). Let b = 7 - t. Let s be 0*b/(-4) + 20. Calculate the highest common factor of s and 140.
20
Let k be 4/10 + 48/5. Suppose 0*f = -5*f + k. Suppose 0 = d + j - 13, d + 5*j - 3 = 6. What is the highest common factor of f and d?
2
Let y(a) = a**2 - 7*a - 3. Let u be y(8). Suppose 40 = u*k - k. Let t be 798/k - (-1)/5. Calculate the highest common divisor of t and 32.
16
Suppose -5*f + 10 = -b, 3*b - 5*f = 7*b - 35. Let u(a) = -2 - 5 + 6*a**2 - a + 2 - a - a**3. Let h be u(b). Calculate the greatest common factor of h and 5.
5
Let q(y) = -32*y - 318. Let a be q(-10). Calculate the highest common divisor of 23 and a.
1
Suppose -5*t = 0, -10*v + 9*v + 5*t = -1088. Calculate the greatest common divisor of v and 34.
34
Suppose 3*y + 9 = -15. Let b = y - -69. Suppose 4*x - 116 = -4*w, 0*w - 2*w = x - b. Calculate the greatest common divisor of w and 80.
16
Let d(u) = u**2 + 6*u - 23. Let y(s) = -12*s + 61. Let n be y(6). Let p be d(n). What is the highest common divisor of 40 and p?
8
Let h be 15/(-10)*(-12 + 0). Let a(v) = -v**2 + 9*v + 4. Let c be a(7). Let k be 4/c + 48/27. What is the greatest common divisor of k and h?
2
Let c = 72 + -22. Let g be 2/4 - (-136)/16. Let t be 1 - (-2 + 1)*g. Calculate the greatest common divisor of t and c.
10
Suppose -x = -62*x + 7320. Calculate the highest common divisor of 228 and x.
12
Let z be 112/10 - (-4)/(-20). Suppose -z = 5*u - 96. Suppose -4*i + w + 20 + 26 = 0, i - 3*w = u. Calculate the highest common divisor of i and 88.
11
Suppose -5*y + 16 + 9 = 0. Suppose 4*z - 6 = -2*o, 0 = 3*z - y*o + 3*o - 15. Suppose 12*g - 3 = 33. What is the highest common factor of g and z?
3
Let p(z) = z**3 - 3*z**2 + 2*z - 5. Let r be p(5). Let x(a) = a**3 + 8*a**2 - 63*a - 435. Let b be x(-7). What is the greatest common factor of r and b?
55
Let g(y) = -y**2 - 47*y - 41. Let k be g(-45). What is the highest common divisor of 3283 and k?
49
Let u be 2/(-1) + 393/(-4 + 7). Let f = -86 + u. What is the greatest common factor of f and 129?
43
Suppose -4*b + 5*b - 29 = 5*d, 3*d + 15 = 0. Calculate the greatest common factor of b and 9.
1
Suppose 0 = 47*w - 22*w - 5625. What is the greatest common divisor of 135 and w?
45
Let z = -11 - -26. Let x be 243/z + 6/(-30). Calculate the greatest common factor of 16 and x.
16
Let y(n) = -2*n - 4 + 5 - n - 2*n. Let r be y(-3). Suppose -p - 2*h - 4 = -r, 0 = p + h - 15. What is the greatest common factor of 9 and p?
9
Suppose 3*o = -6, 3*t = o + 2*o + 18. What is the highest common factor of t and 38?
2
Let p(t) = 2*t**3 + 3*t**2 - 3*t + 2. Let d be p(2). Let y = 5552 + -5516. What is the highest common factor of d and y?
12
Let v(x) = 6*x + 3. Let q be v(-2). Let f(r) = r + 14. Let l be f(q). Suppose -631 = -l*a - 241. Calculate the greatest common divisor of 26 and a.
26
Let m = -5 + 30. Let u be (-36)/8*-2*125/5. What is the greatest common factor of m and u?
25
Suppose -2*s + 68 = -20. Let q(z) = -z**3 + 10*z**2 + 9*z + 26. Let v be q(11). Calculate the highest common factor of v and s.
4
Suppose 2*t = 0, 976 = b + t - 623. What is the highest common factor of 123 and b?
123
Suppose 0 = -u - 3*d + 61, -4*u + 192 = -23*d + 22*d. What is the greatest common factor of u and 77?
7
Let m = 59 - -10. Let v = m + -36. Calculate the greatest common divisor of v and 3.
3
Let i be -2 + 1 + -2 - -9. Suppose v = 3*v - i. Suppose -2*z + 2*y = -4, -2*z - 2 = v*y - 26. Calculate the highest common divisor of z and 54.
6
Let s be -24 + 31 - (-26 - -3)*1. Suppose -4*h = -5*y + 132, h + 0*h = y - 27. What is the greatest common factor of y and s?
6
Suppose -4*x - b - 39 = 0, -4*b - 34 = 3*x - 8*b. Let g = 1 - x. What is the highest common divisor of g and 55?
11
Let t(s) = -s**3 + 8*s**2 - 4*s - 3. Let i = 14 - 8. Let v be t(i). Suppose -2*m = -23 - v. What is the greatest common factor of 51 and m?
17
Suppose 0 = 4*j + j - 20. Suppose 112 = 4*r + j*r. What is the greatest common factor of 2 and r?
2
Suppose 12*j - 3*j - 36 = 0. Let m = 8 + 7. Suppose 45 = j*f - r, -2*f + 15 = 2*r - m. What is the highest common factor of f and 4?
4
Let i = 33 - 15. Let x be (-63)/(-14)*(560/6)/1. Let f be x/i - 4/(-6). What is the highest common divisor of 24 and f?
24
Let d(w) be the first derivative of w**3/3 + 7*w**2 - 13*w - 3. Let m be d(-16). Calculate the greatest common divisor of m and 19.
19
Let y(l) = -189*l**3 - 2*l**2 + 5*l + 7. Let b be y(-1). What is the greatest common divisor of b and 126?
63
Let l(u) = 4*u**2 + u. Let j be l(-1). Suppose 7*d = 2*d + j*f + 56, -4*d + 32 = 4*f. What